{"id":11366,"date":"2024-12-30T17:16:26","date_gmt":"2024-12-30T16:16:26","guid":{"rendered":"https:\/\/www.vchoofddorp.nl\/vchwp\/?page_id=11366"},"modified":"2026-01-07T15:05:50","modified_gmt":"2026-01-07T14:05:50","slug":"holland-top-en-nojk","status":"publish","type":"page","link":"https:\/\/www.vchoofddorp.nl\/vchwp\/?page_id=11366","title":{"rendered":"Holland TOP en NOJK"},"content":{"rendered":"<h3>NOJK<\/h3>\n<p>De Volleybaldirect Open (Nederlandse Open Jeugd Kampioenschappen) is het grootste en meest populaire jeugdtoernooi van ons land; jaarlijks beginnen 450 tot 500 teams aan de strijd om de nationale titel in \u00e9\u00e9n van de vier leeftijdscategorie\u00ebn.<\/p>\n<p><a href=\"https:\/\/www.nevobo.nl\/kenniscentrum\/volleybaldirect-open-nojk\/\">Nevobo | Volleybaldirect Open (NOJK)<\/a><\/p>\n<h3><a href=\"https:\/\/www.instagram.com\/stories\/highlights\/18093401728892142\/\" target=\"_blank\" rel=\"noopener\"><img loading=\"lazy\" decoding=\"async\" class=\"alignnone wp-image-12966 size-large\" src=\"https:\/\/www.vchoofddorp.nl\/vchwp\/wp-content\/uploads\/2026_NOJK_MA-1024x767.jpg\" alt=\"\" width=\"1024\" height=\"767\" srcset=\"https:\/\/www.vchoofddorp.nl\/vchwp\/wp-content\/uploads\/2026_NOJK_MA-1024x767.jpg 1024w, https:\/\/www.vchoofddorp.nl\/vchwp\/wp-content\/uploads\/2026_NOJK_MA-300x225.jpg 300w, https:\/\/www.vchoofddorp.nl\/vchwp\/wp-content\/uploads\/2026_NOJK_MA-768x575.jpg 768w, https:\/\/www.vchoofddorp.nl\/vchwp\/wp-content\/uploads\/2026_NOJK_MA-380x285.jpg 380w, https:\/\/www.vchoofddorp.nl\/vchwp\/wp-content\/uploads\/2026_NOJK_MA-285x214.jpg 285w, https:\/\/www.vchoofddorp.nl\/vchwp\/wp-content\/uploads\/2026_NOJK_MA-500x375.jpg 500w, https:\/\/www.vchoofddorp.nl\/vchwp\/wp-content\/uploads\/2026_NOJK_MA-800x599.jpg 800w, https:\/\/www.vchoofddorp.nl\/vchwp\/wp-content\/uploads\/2026_NOJK_MA.jpg 1037w\" sizes=\"auto, (max-width: 1024px) 100vw, 1024px\" \/><\/a><\/h3>\n<h3>HTJ<\/h3>\n<p>Het Holland Top Jeugd toernooi wordt georganiseerd zodat de jeugd de kans heeft om, op 3 speeldagen, tegen zoveel mogelijk gelijkgestemde jeugdvolleyballers te spelen.<\/p>\n<p><a href=\"https:\/\/hollandtopjeugd.jimdofree.com\/\">HOLLAND tOP jEUGD vOLLEYBAL tOERNOOI &#8211; De website van hollandtopjeugd!<\/a><\/p>\n","protected":false},"excerpt":{"rendered":"<p>NOJK De Volleybaldirect Open (Nederlandse Open Jeugd Kampioenschappen) is het grootste en meest populaire jeugdtoernooi van ons land; jaarlijks beginnen 450 tot 500 teams aan de strijd om de nationale titel in \u00e9\u00e9n van de vier leeftijdscategorie\u00ebn. Nevobo | Volleybaldirect Open (NOJK) HTJ Het Holland Top Jeugd toernooi wordt georganiseerd zodat de jeugd de kans<\/p>\n<p class=\"more-link\"><a href=\"https:\/\/www.vchoofddorp.nl\/vchwp\/?page_id=11366\" class=\"themebutton\">Lees meer<\/a><\/p>\n","protected":false},"author":1,"featured_media":0,"parent":11,"menu_order":6,"comment_status":"closed","ping_status":"closed","template":"","meta":{"_eb_attr":"","ngg_post_thumbnail":0,"footnotes":""},"class_list":["post-11366","page","type-page","status-publish","hentry"],"yoast_head":"<!-- This site is optimized with the Yoast SEO plugin v27.4 - https:\/\/yoast.com\/product\/yoast-seo-wordpress\/ -->\n<title>Holland TOP en NOJK - Volleybal Club Hoofddorp<\/title>\n<meta name=\"robots\" content=\"index, follow, max-snippet:-1, max-image-preview:large, max-video-preview:-1\" \/>\n<link rel=\"canonical\" href=\"https:\/\/www.vchoofddorp.nl\/vchwp\/?page_id=11366\" \/>\n<meta property=\"og:locale\" content=\"nl_NL\" \/>\n<meta property=\"og:type\" content=\"article\" \/>\n<meta property=\"og:title\" content=\"Holland TOP en NOJK - Volleybal Club Hoofddorp\" \/>\n<meta property=\"og:description\" content=\"NOJK De Volleybaldirect Open (Nederlandse Open Jeugd Kampioenschappen) is het grootste en meest populaire jeugdtoernooi van ons land; jaarlijks beginnen 450 tot 500 teams aan de strijd om de nationale titel in \u00e9\u00e9n van de vier leeftijdscategorie\u00ebn. Nevobo | Volleybaldirect Open (NOJK) HTJ Het Holland Top Jeugd toernooi wordt georganiseerd zodat de jeugd de kansLees meer\" \/>\n<meta property=\"og:url\" content=\"https:\/\/www.vchoofddorp.nl\/vchwp\/?page_id=11366\" \/>\n<meta property=\"og:site_name\" content=\"Volleybal Club Hoofddorp\" \/>\n<meta property=\"article:publisher\" content=\"https:\/\/www.facebook.com\/vchoofddorp\/\" \/>\n<meta property=\"article:modified_time\" content=\"2026-01-07T14:05:50+00:00\" \/>\n<meta property=\"og:image\" content=\"https:\/\/www.vchoofddorp.nl\/vchwp\/wp-content\/uploads\/2026_NOJK_MA.jpg\" \/>\n\t<meta property=\"og:image:width\" content=\"1037\" \/>\n\t<meta property=\"og:image:height\" content=\"777\" \/>\n\t<meta property=\"og:image:type\" content=\"image\/jpeg\" \/>\n<meta name=\"twitter:card\" content=\"summary_large_image\" \/>\n<meta name=\"twitter:label1\" content=\"Geschatte leestijd\" \/>\n\t<meta name=\"twitter:data1\" content=\"1 minuut\" \/>\n<script type=\"application\/ld+json\" class=\"yoast-schema-graph\">{\"@context\":\"https:\\\/\\\/schema.org\",\"@graph\":[{\"@type\":\"WebPage\",\"@id\":\"https:\\\/\\\/www.vchoofddorp.nl\\\/vchwp\\\/?page_id=11366\",\"url\":\"https:\\\/\\\/www.vchoofddorp.nl\\\/vchwp\\\/?page_id=11366\",\"name\":\"Holland TOP en NOJK - Volleybal Club Hoofddorp\",\"isPartOf\":{\"@id\":\"https:\\\/\\\/www.vchoofddorp.nl\\\/vchwp\\\/#website\"},\"primaryImageOfPage\":{\"@id\":\"https:\\\/\\\/www.vchoofddorp.nl\\\/vchwp\\\/?page_id=11366#primaryimage\"},\"image\":{\"@id\":\"https:\\\/\\\/www.vchoofddorp.nl\\\/vchwp\\\/?page_id=11366#primaryimage\"},\"thumbnailUrl\":\"https:\\\/\\\/www.vchoofddorp.nl\\\/vchwp\\\/wp-content\\\/uploads\\\/2026_NOJK_MA-1024x767.jpg\",\"datePublished\":\"2024-12-30T16:16:26+00:00\",\"dateModified\":\"2026-01-07T14:05:50+00:00\",\"breadcrumb\":{\"@id\":\"https:\\\/\\\/www.vchoofddorp.nl\\\/vchwp\\\/?page_id=11366#breadcrumb\"},\"inLanguage\":\"nl-NL\",\"potentialAction\":[{\"@type\":\"ReadAction\",\"target\":[\"https:\\\/\\\/www.vchoofddorp.nl\\\/vchwp\\\/?page_id=11366\"]}]},{\"@type\":\"ImageObject\",\"inLanguage\":\"nl-NL\",\"@id\":\"https:\\\/\\\/www.vchoofddorp.nl\\\/vchwp\\\/?page_id=11366#primaryimage\",\"url\":\"https:\\\/\\\/www.vchoofddorp.nl\\\/vchwp\\\/wp-content\\\/uploads\\\/2026_NOJK_MA.jpg\",\"contentUrl\":\"https:\\\/\\\/www.vchoofddorp.nl\\\/vchwp\\\/wp-content\\\/uploads\\\/2026_NOJK_MA.jpg\",\"width\":1037,\"height\":777},{\"@type\":\"BreadcrumbList\",\"@id\":\"https:\\\/\\\/www.vchoofddorp.nl\\\/vchwp\\\/?page_id=11366#breadcrumb\",\"itemListElement\":[{\"@type\":\"ListItem\",\"position\":1,\"name\":\"Home\",\"item\":\"https:\\\/\\\/www.vchoofddorp.nl\\\/vchwp\"},{\"@type\":\"ListItem\",\"position\":2,\"name\":\"Jeugd\",\"item\":\"https:\\\/\\\/www.vchoofddorp.nl\\\/vchwp\\\/?page_id=11\"},{\"@type\":\"ListItem\",\"position\":3,\"name\":\"Holland TOP en NOJK\"}]},{\"@type\":\"WebSite\",\"@id\":\"https:\\\/\\\/www.vchoofddorp.nl\\\/vchwp\\\/#website\",\"url\":\"https:\\\/\\\/www.vchoofddorp.nl\\\/vchwp\\\/\",\"name\":\"Volleybal Club Hoofddorp\",\"description\":\"Join Us And Have Fun\",\"potentialAction\":[{\"@type\":\"SearchAction\",\"target\":{\"@type\":\"EntryPoint\",\"urlTemplate\":\"https:\\\/\\\/www.vchoofddorp.nl\\\/vchwp\\\/?s={search_term_string}\"},\"query-input\":{\"@type\":\"PropertyValueSpecification\",\"valueRequired\":true,\"valueName\":\"search_term_string\"}}],\"inLanguage\":\"nl-NL\"}]}<\/script>\n<!-- \/ Yoast SEO plugin. -->","yoast_head_json":{"title":"Holland TOP en NOJK - Volleybal Club Hoofddorp","robots":{"index":"index","follow":"follow","max-snippet":"max-snippet:-1","max-image-preview":"max-image-preview:large","max-video-preview":"max-video-preview:-1"},"canonical":"https:\/\/www.vchoofddorp.nl\/vchwp\/?page_id=11366","og_locale":"nl_NL","og_type":"article","og_title":"Holland TOP en NOJK - Volleybal Club Hoofddorp","og_description":"NOJK De Volleybaldirect Open (Nederlandse Open Jeugd Kampioenschappen) is het grootste en meest populaire jeugdtoernooi van ons land; jaarlijks beginnen 450 tot 500 teams aan de strijd om de nationale titel in \u00e9\u00e9n van de vier leeftijdscategorie\u00ebn. Nevobo | Volleybaldirect Open (NOJK) HTJ Het Holland Top Jeugd toernooi wordt georganiseerd zodat de jeugd de kansLees meer","og_url":"https:\/\/www.vchoofddorp.nl\/vchwp\/?page_id=11366","og_site_name":"Volleybal Club Hoofddorp","article_publisher":"https:\/\/www.facebook.com\/vchoofddorp\/","article_modified_time":"2026-01-07T14:05:50+00:00","og_image":[{"width":1037,"height":777,"url":"https:\/\/www.vchoofddorp.nl\/vchwp\/wp-content\/uploads\/2026_NOJK_MA.jpg","type":"image\/jpeg"}],"twitter_card":"summary_large_image","twitter_misc":{"Geschatte leestijd":"1 minuut"},"schema":{"@context":"https:\/\/schema.org","@graph":[{"@type":"WebPage","@id":"https:\/\/www.vchoofddorp.nl\/vchwp\/?page_id=11366","url":"https:\/\/www.vchoofddorp.nl\/vchwp\/?page_id=11366","name":"Holland TOP en NOJK - Volleybal Club Hoofddorp","isPartOf":{"@id":"https:\/\/www.vchoofddorp.nl\/vchwp\/#website"},"primaryImageOfPage":{"@id":"https:\/\/www.vchoofddorp.nl\/vchwp\/?page_id=11366#primaryimage"},"image":{"@id":"https:\/\/www.vchoofddorp.nl\/vchwp\/?page_id=11366#primaryimage"},"thumbnailUrl":"https:\/\/www.vchoofddorp.nl\/vchwp\/wp-content\/uploads\/2026_NOJK_MA-1024x767.jpg","datePublished":"2024-12-30T16:16:26+00:00","dateModified":"2026-01-07T14:05:50+00:00","breadcrumb":{"@id":"https:\/\/www.vchoofddorp.nl\/vchwp\/?page_id=11366#breadcrumb"},"inLanguage":"nl-NL","potentialAction":[{"@type":"ReadAction","target":["https:\/\/www.vchoofddorp.nl\/vchwp\/?page_id=11366"]}]},{"@type":"ImageObject","inLanguage":"nl-NL","@id":"https:\/\/www.vchoofddorp.nl\/vchwp\/?page_id=11366#primaryimage","url":"https:\/\/www.vchoofddorp.nl\/vchwp\/wp-content\/uploads\/2026_NOJK_MA.jpg","contentUrl":"https:\/\/www.vchoofddorp.nl\/vchwp\/wp-content\/uploads\/2026_NOJK_MA.jpg","width":1037,"height":777},{"@type":"BreadcrumbList","@id":"https:\/\/www.vchoofddorp.nl\/vchwp\/?page_id=11366#breadcrumb","itemListElement":[{"@type":"ListItem","position":1,"name":"Home","item":"https:\/\/www.vchoofddorp.nl\/vchwp"},{"@type":"ListItem","position":2,"name":"Jeugd","item":"https:\/\/www.vchoofddorp.nl\/vchwp\/?page_id=11"},{"@type":"ListItem","position":3,"name":"Holland TOP en NOJK"}]},{"@type":"WebSite","@id":"https:\/\/www.vchoofddorp.nl\/vchwp\/#website","url":"https:\/\/www.vchoofddorp.nl\/vchwp\/","name":"Volleybal Club Hoofddorp","description":"Join Us And Have Fun","potentialAction":[{"@type":"SearchAction","target":{"@type":"EntryPoint","urlTemplate":"https:\/\/www.vchoofddorp.nl\/vchwp\/?s={search_term_string}"},"query-input":{"@type":"PropertyValueSpecification","valueRequired":true,"valueName":"search_term_string"}}],"inLanguage":"nl-NL"}]}},"_links":{"self":[{"href":"https:\/\/www.vchoofddorp.nl\/vchwp\/index.php?rest_route=\/wp\/v2\/pages\/11366","targetHints":{"allow":["GET"]}}],"collection":[{"href":"https:\/\/www.vchoofddorp.nl\/vchwp\/index.php?rest_route=\/wp\/v2\/pages"}],"about":[{"href":"https:\/\/www.vchoofddorp.nl\/vchwp\/index.php?rest_route=\/wp\/v2\/types\/page"}],"author":[{"embeddable":true,"href":"https:\/\/www.vchoofddorp.nl\/vchwp\/index.php?rest_route=\/wp\/v2\/users\/1"}],"replies":[{"embeddable":true,"href":"https:\/\/www.vchoofddorp.nl\/vchwp\/index.php?rest_route=%2Fwp%2Fv2%2Fcomments&post=11366"}],"version-history":[{"count":4,"href":"https:\/\/www.vchoofddorp.nl\/vchwp\/index.php?rest_route=\/wp\/v2\/pages\/11366\/revisions"}],"predecessor-version":[{"id":12974,"href":"https:\/\/www.vchoofddorp.nl\/vchwp\/index.php?rest_route=\/wp\/v2\/pages\/11366\/revisions\/12974"}],"up":[{"embeddable":true,"href":"https:\/\/www.vchoofddorp.nl\/vchwp\/index.php?rest_route=\/wp\/v2\/pages\/11"}],"wp:attachment":[{"href":"https:\/\/www.vchoofddorp.nl\/vchwp\/index.php?rest_route=%2Fwp%2Fv2%2Fmedia&parent=11366"}],"curies":[{"name":"wp","href":"https:\/\/api.w.org\/{rel}","templated":true}]}}